7*y. Let d(w) = -i(w) + m(w). What are the prime factors of d(-1)?
17
Suppose -13*n = -7*n - 726. List the prime factors of n.
11
Suppose -3*f - 38 = 124. What are the prime factors of (-12)/(-8) - f/4?
3, 5
Suppose -36 = 4*j - 4*d, -3*j - d = -8*j - 33. Let w = 4 + j. What are the prime factors of (w + (-10)/(-6))*-15?
5
Let h be 1 - (-1)/1*1. Let z(a) = -h*a - a - a. List the prime factors of z(-1).
2
Let z(n) = n**2 + 4*n + 2. Let y be z(-5). Suppose 0 = 3*h + y + 2. Let c = h + 11. What are the prime factors of c?
2
Let f = 10 + -5. Let y = -3 + f. What are the prime factors of y?
2
What are the prime factors of (-2 + 1)/(15/(-105))?
7
Let h(n) = -n**2 + 7*n + 2. Let w be h(7). Let k be (-3)/((-1)/w*-2). List the prime factors of 1/k + (-240)/(-18).
13
Let g = 10 - 2. List the prime factors of 204/g + (-6)/(-4).
3
Let w be ((-2)/5)/(1/(-5)). Suppose 5*z - 2*z - 56 = 2*m, 100 = 5*z - w*m. List the prime factors of z.
2, 11
Let r(u) = u + 19. Let t be r(0). Suppose j + 12 = -o, t = -j - j - o. Let p = j - -17. List the prime factors of p.
2, 5
Let p(g) = -g**3 + 7*g**2 - 3*g + 2. Suppose -5*t + 23 = 2*v - 5, -5*v - 11 = -t. List the prime factors of p(t).
2, 5
Let k be (1/(-3)*0)/(-2). Suppose k = -0*b + 5*b - 10. Let d = b + 0. List the prime factors of d.
2
Suppose 2 = 2*b + 28. Let o = b - -18. What are the prime factors of o?
5
Let f = 4 - 0. Suppose 0 = -4*s - 5*b - 30 + 1, f*b = 4*s - 16. List the prime factors of -6*(2 + s)/(-1).
2, 3
Suppose x + 0 = 4. Suppose -4*o - 4 = -x*j, j - 3 = -0. List the prime factors of o.
2
Let v(y) = -y**3 - y**2 + y. What are the prime factors of v(-7)?
7, 41
Let p be 4 + -6 - 1*-7. Let t = 2 + p. List the prime factors of t.
7
What are the prime factors of ((-32)/12)/((-2)/3)?
2
Suppose 0*h - 16 = -4*h. Let z = 0 + h. Suppose -4*t + 8 = 4*k - 20, 0 = 5*t + z*k - 33. List the prime factors of t.
5
Let i(l) = -2*l**2 + 4*l + 2. Let b(o) = -o**2 + 3*o + 2. Let d(n) = 4*b(n) - 3*i(n). Let v be d(4). Let m = -22 + v. List the prime factors of m.
2, 3
Let g be (-60)/2*2/(-3). Suppose 0 = -3*f - f + 128. Let v = f - g. List the prime factors of v.
2, 3
Let k = 23 + 9. List the prime factors of k.
2
Let y be 115/(-4) + (-7)/28. What are the prime factors of (-9)/(-6) + y/(-2)?
2
Let u = 2 - 1. Let r be (2/4)/(u/12). What are the prime factors of (-1 + (3 - r))*-2?
2
Let k(s) = 15*s**2 - 2. List the prime factors of k(2).
2, 29
Suppose -3*n = -5*n. Let m = n - 3. Let o(l) = l**2 - l - 4. What are the prime factors of o(m)?
2
Suppose c + 4*c - 4*d = 135, -c - 4*d = -51. Suppose -2*s = -4*s. Suppose s = -5*x + 4 + c. What are the prime factors of x?
7
Let l = -72 + 78. List the prime factors of l.
2, 3
Suppose 0 = r - 2*r - 3. List the prime factors of 3/(r/(-2) + -1).
2, 3
Let z be -2 + (-1)/((-3)/12). Suppose -2*q - 16 = z*q + 4*j, 0 = -q - 2*j - 3. List the prime factors of (12/7)/(q/(-35)).
2, 3
Let q = -34 - 20. Let z = q + 100. What are the prime factors of z?
2, 23
Let h be (-72)/(-3)*(-3)/(-4). Let a be 0 - -1 - (1 + -3). Suppose 3*i - 42 = -i + 5*t, a*t - h = -3*i. What are the prime factors of i?
2
Suppose 0 = 5*i + 3*v + 29, i - 11 = 6*i - 3*v. What are the prime factors of (-26 - -6)*i/5?
2
Suppose 2*p - 198 = 2*u, -66 = -p - 4*u + 58. List the prime factors of p.
2, 13
Suppose 3*a - 93 = 189. Suppose 4*l - a = -3*v, 4*l = 4*v - 67 - 21. List the prime factors of v.
2, 13
Let i be (-2 + (-9)/(-3))*34. Let a = i + -7. Suppose -5*r - a = -72. List the prime factors of r.
3
Let a(q) = -q**2 + 12*q + 2. What are the prime factors of a(7)?
37
Suppose -732 - 76 = -4*o. What are the prime factors of o?
2, 101
Let s(v) = 12*v**3 - 4*v**2 + 4*v - 3. Let l be s(2). Suppose 3*z = 7*n - 3*n - l, 5*z = -4*n + 61. List the prime factors of n.
19
Suppose -4*c - 6 + 26 = 4*g, -2*g - 18 = -2*c. What are the prime factors of c?
7
Suppose 0 = -2*p - 2*p + 12. Let f be (23 + p + 3)*-1. Let n = -17 - f. List the prime factors of n.
2, 3
Let q(f) = 6*f**2 - 1 - 2*f - 2 + 4 + 0. What are the prime factors of q(-3)?
61
Suppose -5*c + 8 = 33, -5*c = b + 13. Suppose 5*u - b = 23. What are the prime factors of u?
7
Suppose -3*l = -0*l - 180. What are the prime factors of l?
2, 3, 5
Suppose -3*o + 112 = 25. List the prime factors of o.
29
Let p(f) = f**3 + 6*f**2 + 4*f + 6. Let i be p(-5). Let z be (16/(-48))/(2/6). Let y = i - z. What are the prime factors of y?
2, 3
Suppose 6 = -5*p + 4*m, 5*m - 42 = -4*p - 14. Let x(j) be the first derivative of 2*j**2 + j + 1. List the prime factors of x(p).
3
Let u(v) = 15*v**2 + v. What are the prime factors of u(-2)?
2, 29
Suppose -5*o + 1 = -u, -3*u + 2*o - 3*o + 13 = 0. Suppose 4*y - u*c = 28, -2*c - 9 = -0*y - y. Let p = -3 + y. List the prime factors of p.
2
Let s(a) = -4*a**3 + 4*a + 7. Let h(m) = 9*m**3 - 9*m - 15. Let c(r) = 3*h(r) + 7*s(r). Let v be c(0). Let x = 2 + v. What are the prime factors of x?
2, 3
Let o be 2/(-6)*(-5 - 4). Suppose o*r + 5*k + 14 = 2*r, -5*r - 70 = -4*k. Let j = r - -24. What are the prime factors of j?
2, 5
Suppose -4*y + y = -6, 4*v = 2*y + 12. Let o(b) = 8 - v + 0 + 2*b. List the prime factors of o(4).
2, 3
Let h(z) = 4*z**2 + 7*z + 8. Let t be h(-4). What are the prime factors of (1 - 0)*t*1?
2, 11
Let f = -4 - -8. Suppose 5*q + f*m = 39, 3*m = 4*q + 5*m - 30. What are the prime factors of (q + 2)/(0 - -1)?
3
Suppose 3*x + 105 = 5*b, -x - 3*x = 5*b - 140. What are the prime factors of b?
2, 3
What are the prime factors of (28/6)/((-2)/(-3))?
7
Let k be (-2)/(-4)*(79 - -3). Suppose 17 = 2*s - k. Let p = 43 - s. List the prime factors of p.
2, 7
Suppose -3*g + 36 = -2*g. List the prime factors of g.
2, 3
Suppose 2*s + 4*s = -0*s. Let d(y) = 19 + y**2 + 0*y**2 + y - 4. What are the prime factors of d(s)?
3, 5
Let j(h) = 3*h**3 + h**2 - 6*h + 9. What are the prime factors of j(3)?
3
Let d(n) = -40*n + 14. Let u(v) = 8*v - 3. Let l(f) = 3*d(f) + 14*u(f). List the prime factors of l(-3).
2, 3
Let w be ((-3)/9)/((-1)/3). What are the prime factors of 18 + -7 + w + 0?
2, 3
Suppose -3*w = -3*b + 6, -5*b + 0*b = 5*w - 30. Suppose -2*l - 14 = -b*l. What are the prime factors of l?
7
Suppose 2*y = -5*g + 90, g + 0 = 4*y - 4. Suppose -f - 17 = -5*o, f + g = 4*o - f. Suppose 0*c = -o*c + 9. List the prime factors of c.
3
Let o(c) = c + 3. What are the prime factors of o(9)?
2, 3
Let j = 3 + 1. Let i(u) be the second derivative of u**3/6 + 5*u**2/2 + 7*u. What are the prime factors of i(j)?
3
Let o(k) = 4*k**3 + 2*k**2 + 2*k. Let y be o(-2). Let u = 54 + y. Suppose 2*h - 3*b + 8*b - u = 0, 1 = -h + b. List the prime factors of h.
3
Let l(v) = 2*v**3 + 4*v**2 - 4*v + 2. Suppose 0 = -5*d + 7 + 3. What are the prime factors of l(d)?
2, 13
Suppose -3*i - o = -2*i + 2, i + 5*o = -18. Suppose -21 = -2*m + 3*j, i*m + 2*j = 4*m - 20. What are the prime factors of m?
3
Let w = -5 - -3. Let m(v) = v**3 + 3*v**2 + v. What are the prime factors of m(w)?
2
Let h(x) = 4*x**3 - 3*x**2 - 2*x**3 + x - 1 + 0*x**3. Let d be h(2). Suppose 3*s - 4 + 1 = -f, 7 = 2*f + d*s. What are the prime factors of f?
2, 3
Let n = -1 - 5. Let j(i) = i + 9. Let v be j(n). List the prime factors of ((-8)/v)/((-2)/6).
2
Let h(c) = 4*c - 10. Let y(w) = 9*w - 20. Let n(l) = -7*h(l) + 3*y(l). Let d be n(5). What are the prime factors of 1/(1 + d/(-6))?
2, 3
Let o = 252 - 112. Suppose -2*l - l - 180 = -5*m, -5*l + o = 5*m. What are the prime factors of m?
3, 11
Let a(t) = -t**2 + 1. Let i be a(-3). List the prime factors of (i/3)/(2/(-18)).
2, 3
Let y(q) = -q**3 + 17*q**2 + 19. Let c be y(17). Suppose o - c = -2*w + 30, -5*o = -w - 267. List the prime factors of o.
53
Let d be (31 - (-1 - 1)) + 3. What are the prime factors of (d/(1 - 4))/(-2)?
2, 3
Suppose 0 = -5*x - 3 + 198. Let d be 1*(19/1 - 2). Suppose d = 4*g - x. List the prime factors of g.
2, 7
Let j(d) = -d**2 + 6*d + 9. Let g be j(7). Suppose 3*f - 28 = -4*h - 4, 2*f - 16 = -g*h. List the prime factors of (0 - -18)*f/12.
2, 3
Let t(s) = -s**3 + 9*s**2 + 2*s - 9. List the prime factors of t(7).
103
List the prime factors of (2364/24)/((-2)/(-4)).
197
Suppose 8*a = 5*a + 15. Suppose -h = -a*h + 64. List the prime factors of h.
2
Let v(t) be the first derivative of 11*t**6/120 + t**2 + 2. Let a(d) be the second derivative of v(d). What are the 